s -191 + -282?
-473
In base 11, what is 650473 + -5?
650469
In base 12, what is 201968 + -3?
201965
In base 16, what is 4 + -1518?
-1514
In base 3, what is -1111110010 - -100?
-1111102210
In base 13, what is 4 + -3a12a5?
-3a12a1
In base 15, what is -3 + -20b5?
-20b8
In base 5, what is -4123 - -43?
-4030
In base 8, what is 14 + 4620?
4634
In base 16, what is c + -4?
8
In base 10, what is -2806 - -679?
-2127
In base 11, what is -14 - -797?
783
In base 14, what is -14cb6 - 5?
-14cbb
In base 12, what is -a015b + -2?
-a0161
In base 13, what is -6a8 - 17?
-6c2
In base 12, what is -532ba - -3?
-532b7
In base 7, what is 3 - 1534124?
-1534121
In base 4, what is -10 + -132211103?
-132211113
In base 10, what is -10 + -176168?
-176178
In base 14, what is 2c7d4 + -1?
2c7d3
In base 16, what is 7 - -83a?
841
In base 16, what is 1ab1f + -3?
1ab1c
In base 4, what is 3233 - -322210?
332103
In base 10, what is 2 - 264413?
-264411
In base 11, what is 48159 - -9?
48167
In base 4, what is 23013002 + -132?
23012210
In base 10, what is 9 - 5569?
-5560
In base 12, what is -1 - 7552?
-7553
In base 3, what is -11 - -211220002?
211212221
In base 10, what is -1083 + -8?
-1091
In base 10, what is 0 + -48167?
-48167
In base 7, what is 213 - 6304?
-6061
In base 9, what is 83 - -37185?
37278
In base 3, what is -10021 + 122121?
112100
In base 10, what is 3101 - -140?
3241
In base 14, what is -12bd43 + 2?
-12bd41
In base 12, what is 5 - -23a886?
23a88b
In base 13, what is -5 - 1343a?
-13442
In base 16, what is 1292 + 40?
12d2
In base 3, what is 0 + -11012001222?
-11012001222
In base 10, what is 65 + -314?
-249
In base 5, what is -302324 + 0?
-302324
In base 11, what is 47631 + 1?
47632
In base 15, what is b6a + -47?
b23
In base 11, what is -6aa - -13?
-697
In base 8, what is 152 + 12732?
13104
In base 2, what is -1000000101000011 + -100?
-1000000101000111
In base 14, what is -1038 + 24?
-1014
In base 16, what is -239f9 + -2?
-239fb
In base 3, what is -10 + -201110222?
-201111002
In base 10, what is 258225 + 4?
258229
In base 14, what is -1069 + -3?
-106c
In base 5, what is -2 - 321342?
-321344
In base 10, what is 2127 + -75?
2052
In base 9, what is -55172 - -17?
-55154
In base 7, what is 3 + -250036?
-250033
In base 5, what is -141043 + 400?
-140143
In base 10, what is 351290 + 4?
351294
In base 3, what is 2220 + 10022?
20012
In base 5, what is -220 - 100?
-320
In base 8, what is 3 - 2305424?
-2305421
In base 3, what is -10 + -12212110?
-12212120
In base 10, what is 290 - -4514?
4804
In base 4, what is 2 - -3012311?
3012313
In base 7, what is -220100 + 12?
-220055
In base 4, what is 2 - -110212?
110220
In base 9, what is 5155 - 27?
5127
In base 16, what is -9 + 23?
1a
In base 14, what is 7 + 27d0?
27d7
In base 3, what is 112121100020 - 12?
112121100001
In base 3, what is 12 + -2020002011010?
-2020002010221
In base 13, what is 166169 + 0?
166169
In base 4, what is 301010230 + 1?
301010231
In base 6, what is 5 - 244524?
-244515
In base 9, what is -68 + 77626?
77547
In base 4, what is -132131 + 3013?
-123112
In base 11, what is -9 + -2329a?
-232a8
In base 2, what is -10 + -11011010101111111011?
-11011010101111111101
In base 15, what is -7 - 364a?
-3652
In base 7, what is -310465 - -2?
-310463
In base 6, what is -311435 + -344?
-312223
In base 5, what is -341 + 30000?
24104
In base 6, what is 13010234 - 1?
13010233
In base 14, what is 1 + -8446d?
-8446c
In base 8, what is -34040 - -3?
-34035
In base 16, what is -1dfe - 4b?
-1e49
In base 10, what is -721 - 38?
-759
In base 14, what is 4a36d - -3?
4a372
In base 2, what is -101001 + 1110011110000?
1110011000111
In base 4, what is 10222301002 + 2?
10222301010
In base 9, what is 401 + 430?
831
In base 9, what is -1664 - 114?
-1778
In base 9, what is -1 - 255234?
-255235
In base 8, what is 5 + -112614?
-112607
In base 9, what is 8 - 1812?
-1803
In base 2, what is 100 + -111110010010?
-111110001110
In base 11, what is 50 - 12a5?
-1255
In base 15, what is b - -14d41?
14d4c
In base 10, what is -3 - 80600?
-80603
In base 2, what is 1001000 - 11001100?
-10000100
In base 13, what is 3 + -50846?
-50843
In base 14, what is -26c7 - -1a?
-26ab
In base 10, what is -1 - 30427?
-30428
In base 7, what is -13 + 410002?
406656
In base 11, what is 1407658 + 1?
1407659
In base 7, what is 256622 + 3?
256625
In base 15, what is 298 - 688?
-3e0
In base 8, what is -100 - -10760?
10660
In base 10, what is 4 - 196743?
-196739
In base 13, what is 171 + -1681?
-1510
In base 10, what is 7596 - 9?
7587
In base 13, what is 5b748 - 1a?
5b72b
In base 3, what is -22011011112210 + -1?
-22011011112211
In base 15, what is e8 - b9?
2e
In base 10, what is 166 - -2517?
2683
In base 9, what is -1 + -802022?
-802023
In base 14, what is 11 + -332?
-321
In base 11, what is 5324 - -127?
5450
In base 14, what is -51a - -a05?
4c9
In base 7, what is 11 + 432252?
432263
In base 14, what is 26435 - -a?
26441
In base 9, what is -114 - -4544?
4430
In base 11, what is -a - 650a4?
-65103
In base 5, what is -10 + 40214211?
40214201
In base 3, what is -2010 - -122021022?
122012012
In base 11, what is 27a + 28?
2a7
In base 3, what is 0 + 101200100?
101200100
In base 4, what is 11131001023 - 2?
11131001021
In base 2, what is -1110001 - -11011111011?
11010001010
In base 8, what is -1 + -1554557?
-1554560
In base 8, what is 11 - 155635?
-155624
In base 10, what is 1176 - 83?
1093
In base 13, what is -22 - -1765?
1743
In base 13, what is 66 - -66cc?
6765
In base 12, what is 37a1 - -5?
37a6
In base 16, what is 4 + -36aa?
-36a6
In base 2, what is -111110010 - -10001011?
-101100111
In base 13, what is -382 - -10?
-372
In base 9, what is 0 - -167370?
167370
In base 10, what is 727 + 403?
1130
In base 10, what is 92 + -28457?
-28365
In base 2, what is -1101000010000110 + -11?
-1101000010001001
In base 16, what is 6 - 31bc?
-31b6
In base 6, what is 50124 + 111?
50235
In base 3, what is 202112222 - 10?
202112212
In base 3, what is 1211 - 1121010010?
-1121001022
In base 3, what is 12211012 - -2021?
12220110
In base 9, what is 2 - 103763?
-103761
In base 6, what is -4035054 - -4?
-4035050
In base 2, what is 100100010100 + 1001010?
100101011110
In base 11, what is -8 - 842?
-84a
In base 5, what is 11042234 - 0?
11042234
In base 16, what is -f5 - 32?
-127
In base 10, what is -757020 + 7?
-757013
In base 11, what is 1273950 - 5?
1273946
In base 5, what is 11 - 33414?
-33403
In base 13, what is 54b6 + -9?
54aa
In base 2, what is -1110000 + 1100100?
-1100
In base 9, what is -7 - -3278?
3271
In base 11, what is 47 + -156?
-10a
In base 8, what is -357 - -1060?
501
In base 10, what is 9704 + 105?
9809
In base 16, what is -b20a - 5?
-b20f
In base 13, what is 116 - -5bb4?
5cca
In base 4, what is 12 + 2222011?
2222023
In base 16, what is 0 + -80a67?
-80a67
In base 13, what is 7 - -160c?
1616
In base 3, what is 2 + -111210012111?
-111210012102
In base 10, what is 8246 + 6?
8252
In base 8, what is -21 - -404150?
404127
In base 3, what is 1001 - -21102201?
21110202
In base 11, what is -109 - -5781?
5673
In base 12, what is -4 + -4a299?
-4a2a1
In base 7, what is -2060066 + 1?
-2060065
In base 2, what is 10101101101101 + -11101100?
10101010000001
In base 16, what is fea8e + -1?
fea8d
In base 13, what is 5 - 467?
-462
In base 13, what is -23962 - -4?
-2395b
In base 14, what is -bd256 + 5?
-bd251
In base 5, what is -2032 + 121?
-1411
In base 12, what is 457 + -353?
104
In base 10, what is -245 + -3638?
-3883
In base 11, what is 10 + -904?
-8a4
In base 12, what is 15840 + 2?
15842
In base 10, what is 402684 + 2?
402686
In base 9, what is 5 - 347220?
-347214
In base 5, what is -4002420 + -4?
-4002424
In base 7, what is 20433 + -62?
20341
In base 6, what is -154 + -133452?
-134050
In base 3, what is 0 + 122010022?
122010022
In base 16, what is -37c3 - -1?
-37c2
In base 8, what is 1 + -23267?
-23266
In base 4, what is -10 + 111010?
111000
In base 9, what is -2344 - -37?
-2306
In base 2, what is 11 - 10010110011110?
-10010110011011
In base 14, what is -33 + 3c3?
390
In base 10, what is 564 + 67?
631
In base 2, what is 11000 + 1110101110110001?
1110101111001001
In base 4, what is 21002012 - 1?
21002011
In base 4, what is -321 - 3203222?
-3210203
In base 11, what is 48 + -419?
-381
In base 7, what is -3452 - -60?
-3362
In b